{"id":928,"date":"2024-03-12T17:07:26","date_gmt":"2024-03-12T16:07:26","guid":{"rendered":"https:\/\/renmus.eu\/?page_id=928"},"modified":"2025-01-15T22:35:46","modified_gmt":"2025-01-15T21:35:46","slug":"conference-information","status":"publish","type":"page","link":"https:\/\/renmus.eu\/index.php\/conference-information\/","title":{"rendered":"Conference information"},"content":{"rendered":"\n<div class=\"wp-block-cover alignfull has-parallax\" style=\"min-height:465px;aspect-ratio:unset;\"><span aria-hidden=\"true\" class=\"wp-block-cover__background has-background-dim-80 has-background-dim wp-block-cover__gradient-background has-background-gradient\" style=\"background:linear-gradient(357deg,rgba(255,255,255,0) 7%,rgb(0,0,0) 26%,rgb(0,0,0) 76%,rgba(0,0,0,0) 97%)\"><\/span><div class=\"wp-block-cover__image-background wp-image-413 has-parallax\" style=\"background-position:50% 50%;background-image:url(https:\/\/renmus.eu\/wp-content\/uploads\/2023\/04\/instrumenty_p4-01-01-scaled.jpg)\"><\/div><div class=\"wp-block-cover__inner-container is-layout-flow wp-block-cover-is-layout-flow\">\n<div class=\"wp-block-qi-blocks-advanced-text qodef-block-container qodef-block-47aefe82\"><div class=\"qi-block-advanced-text qodef-block qodef-m\"><p>International Online Conference<br>on Renewable Music<\/p><\/div><\/div>\n\n\n\n<div class=\"wp-block-qi-blocks-advanced-text qodef-block-container qodef-block-c8e106b1\"><div class=\"qi-block-advanced-text qodef-block qodef-m\"><p>15-17 October 2024<\/p><\/div><\/div>\n\n\n\n<div class=\"wp-block-qi-blocks-spacer qodef-block-container qodef-block-0ce49d06\"><div class=\"qi-block-spacer qodef-block qodef-m\"><\/div><\/div>\n\n\n\n<figure class=\"wp-block-embed is-type-video is-provider-youtube wp-block-embed-youtube wp-embed-aspect-16-9 wp-has-aspect-ratio\"><div class=\"wp-block-embed__wrapper\">\n<iframe loading=\"lazy\" title=\"International Online Conference on Renewable Music (15-17 October 2024)\" width=\"500\" height=\"281\" src=\"https:\/\/www.youtube.com\/embed\/videoseries?list=PL9FSxg1_yb0iX5GbYvZt-rb7uYTSsbbW9\" frameborder=\"0\" allow=\"accelerometer; autoplay; clipboard-write; encrypted-media; gyroscope; picture-in-picture; web-share\" referrerpolicy=\"strict-origin-when-cross-origin\" allowfullscreen><\/iframe>\n<\/div><\/figure>\n\n\n\n<div class=\"wp-block-qi-blocks-advanced-text qodef-block-container qodef-block-771dee2b\"><div class=\"qi-block-advanced-text qodef-block qodef-m\"><p><a href=\"https:\/\/renmus.eu\/wp-content\/uploads\/2024\/07\/RenMus_Conference_Programme-Overview.pdf\" target=\"_blank\" rel=\"noopener\" title=\"\">Programme Overview<br><\/a><a href=\"https:\/\/renmus.eu\/wp-content\/uploads\/2024\/07\/RenMus_Conference_Book-of-Abstracts.pdf\" target=\"_blank\" rel=\"noopener\" title=\"\">Book of Abstracts<\/a><\/p><\/div><\/div>\n\n\n\n<p><\/p>\n<\/div><\/div>\n\n\n\n<p><\/p>\n\n\n\n<div class=\"wp-block-qi-blocks-spacer qodef-block-container qodef-block-2bf05cc7\"><div class=\"qi-block-spacer qodef-block qodef-m\"><\/div><\/div>\n\n\n\n<p class=\"has-vivid-red-color has-text-color has-link-color has-medium-font-size wp-elements-550577ec5054bb9af1183a56f592ba7e\"><strong>Programme overview (updated: 16 October)<\/strong><\/p>\n\n\n\n<p class=\"has-large-font-size\"><strong>DAY 1 | 15 October (Tuesday)<\/strong><\/p>\n\n\n\n<p class=\"has-medium-font-size\"><strong>Conference Opening: Welcome Speech (10.45-11.00 a.m<\/strong> <strong>CET<\/strong>)<\/p>\n\n\n\n<div class=\"wp-block-qi-blocks-spacer qodef-block-container qodef-block-49fabbf4\"><div class=\"qi-block-spacer qodef-block qodef-m\"><\/div><\/div>\n\n\n\n<p class=\"has-luminous-vivid-orange-color has-text-color has-link-color has-medium-font-size wp-elements-21152eb5280463a65449f0e5b045278c\"><strong>Keynote Speech (11.00-12.00 p.m. CET)<\/strong><br>Chaired by: S\u0142awomira \u017bera\u0144ska-Kominek<\/p>\n\n\n\n<p><strong>Prof. Makis Solomos <\/strong>(University Paris 8)<br><em>Music, Ecologies and Degrowth. A Few Paths to Explore<\/em><\/p>\n\n\n\n<div class=\"wp-block-qi-blocks-spacer qodef-block-container qodef-block-203b33db\"><div class=\"qi-block-spacer qodef-block qodef-m\"><\/div><\/div>\n\n\n\n<p class=\"has-luminous-vivid-orange-color has-text-color has-link-color has-medium-font-size wp-elements-f97e6aaffe04c964c7d08c79323eab5d\"><strong>Session 1 (12.00 \u2013 2.00 p.m. CET)<\/strong><br>Chaired by: O\u013ega Smetanov\u00e1<\/p>\n\n\n\n<p><strong>Diana Milena Acosta Cruz <\/strong>(Prince Claus Conservatorium, Groningen)<br><em>The Wonders of the Forest: a Journey of Self-Discovery Across Nature, Sound and Time<\/em><\/p>\n\n\n\n<p><strong>Eka Chabashvili <\/strong>(Tbilisi State Conservatoire)<br><em>Principles of Eco-Music Composition and &#8216;Sound Oases&#8217;<\/em><\/p>\n\n\n\n<p><strong>Maya (Maka) Virsaladze <\/strong>(Tbilisi State Conservatoire)<br><em>Performance of Eco-Music Composition in Urban and Non-Urban Spaces<\/em><\/p>\n\n\n\n<p><strong>Gvantsa Ghvinjilia <\/strong>(Tbilisi State Conservatoire)<br><em>Eka Chabashvili&#8217;s &#8216;Silkworm Butterfly&#8217;s Wisdom&#8217;: A Nano Eco-Cantata Addressing the Challenge of Sustainable Development<\/em><\/p>\n\n\n\n<div class=\"wp-block-qi-blocks-spacer qodef-block-container qodef-block-cd418bde\"><div class=\"qi-block-spacer qodef-block qodef-m\"><\/div><\/div>\n\n\n\n<p class=\"has-luminous-vivid-orange-color has-text-color has-link-color has-medium-font-size wp-elements-d4b4e5e52681866521980fe93ddc5398\"><strong>Session 2 (3.30 \u2013 5.00 p.m. CET)<\/strong><br>Chaired by: Gvantsa Ghvinjilia<\/p>\n\n\n\n<p><strong>Daria Jab\u0142o\u0144ska <\/strong>(The State Primary and Secondary Music School in Zdu\u0144ska Wola)<br><em>Overhearing the World Around. On Ecology of Music, Renewable Music, Soundscapes and Ear Training<\/em><\/p>\n\n\n\n<p><strong>Sabine Feisst <\/strong>(Arizona State University)<strong><br><\/strong><em>Sustaining Sonic Futures through Understanding Hidden Acoustic Ecologies <\/em><\/p>\n\n\n\n<p><strong>Celia Yang <\/strong>(Arizona State University)<br><em>Harmony in Sound and Space: Exploring the Synergy of Acoustic Ecology and Renewable Music in Contemporary Listening Practices<\/em><\/p>\n\n\n\n<div class=\"wp-block-qi-blocks-spacer qodef-block-container qodef-block-860e2540\"><div class=\"qi-block-spacer qodef-block qodef-m\"><\/div><\/div>\n\n\n\n<p class=\"has-large-font-size\"><strong>DAY 2 | 16 October (Wednesday)<\/strong><\/p>\n\n\n\n<p class=\"has-luminous-vivid-orange-color has-text-color has-link-color has-medium-font-size wp-elements-27219cd40374602c12d9dee38c43a828\"><strong>Keynote Speech (10.00-11.00 a.m. CET)<\/strong><br>Chaired by: Mieczys\u0142aw Kominek<\/p>\n\n\n\n<p><strong>Prof. Marek Cho\u0142oniewski <\/strong>(Krzysztof Penderecki Academy of Music in Krakow)<br><em>Renewable Music from a Rhizomatic Perspective<\/em><strong> <\/strong><\/p>\n\n\n\n<div class=\"wp-block-qi-blocks-spacer qodef-block-container qodef-block-a3f57602\"><div class=\"qi-block-spacer qodef-block qodef-m\"><\/div><\/div>\n\n\n\n<p class=\"has-luminous-vivid-orange-color has-text-color has-link-color has-medium-font-size wp-elements-5d8c8a15dafaee858c06306a0563ddef\"><strong>Session 3 (11.00 \u2013 <s>13.00<\/s> 12.30 p.m. CET)<\/strong><br>Chaired by: Pawe\u0142 Siechowicz<\/p>\n\n\n\n<p><s><strong>Csaba Hajn\u00f3czy <\/strong>(Moholy-Nagy University of Art and Design Budapest)<strong><br><\/strong><em>Field Recording Based Sound Art in Hungary<\/em><\/s> (cancelled)<\/p>\n\n\n\n<p><strong>Ma\u0142gorzata Heinrich <\/strong>(University of Warsaw)<br><em>Hildegard Westerkamp&#8217;s &#8216;Beneath the Forest Floor&#8217; and its Graphic Analysis. Regrowing the Relationship Between Human, Nature, Society, and Self<\/em><\/p>\n\n\n\n<p><strong>Katarzyna Bartos <\/strong>(Karol Lipi\u0144ski Academy of Music in Wroc\u0142aw)<br><em>Depicting Japanese Soundscapes in Gra\u017cyna Pstroko\u0144ska-Nawratil&#8217;s &#8216;S\u0142owik i kamie\u0144&#8217;<\/em><\/p>\n\n\n\n<p><strong>Barbara Mielcarek-Krzy\u017canowska <\/strong>(Feliks Nowowiejski Academy of Music in Bydgoszcz)<br><em>&#8216;Silence is the Gathering of Voices&#8217; (Norwid). Sources of Sounds in Stefan W\u0119g\u0142owski&#8217;s Music<\/em><\/p>\n\n\n\n<div class=\"wp-block-qi-blocks-spacer qodef-block-container qodef-block-970113a9\"><div class=\"qi-block-spacer qodef-block qodef-m\"><\/div><\/div>\n\n\n\n<p class=\"has-luminous-vivid-orange-color has-text-color has-link-color has-medium-font-size wp-elements-68f0c51e96b9783f73b397ca3b43778b\"><strong>Session 4 (2.00 \u2013<s> 3.30<\/s> 3.00 p.m. CET)<\/strong><br>Chaired by: Mateusz Bie\u0144<\/p>\n\n\n\n<p><s><strong>Hakan Ulus <\/strong>(Gustav Mahler Private University for Musik Klagenfurt)<br><em>The Poly-Work as a Compositional Strategy<\/em><\/s> (cancelled)<\/p>\n\n\n\n<p><strong>Marc\u00edlio Onofre <\/strong>(Universidade Federal da Para\u00edba \u2013 UFPB, Brazil)<br><em>Eco-Ekphrasis: Revisiting, Recycling and Renewing Ideas from Different Artistic Expressions to Music<\/em><\/p>\n\n\n\n<p><strong>Krist\u00fdna \u0160vih\u00e1lkov\u00e1 <\/strong>(Jan\u00e1\u010dek Academy of Music and Performing Arts in Brno)<br><em>Greenterview: A Home Plant as a performer<\/em><\/p>\n\n\n\n<div class=\"wp-block-qi-blocks-spacer qodef-block-container qodef-block-cb729665\"><div class=\"qi-block-spacer qodef-block qodef-m\"><\/div><\/div>\n\n\n\n<p class=\"has-luminous-vivid-orange-color has-text-color has-link-color has-medium-font-size wp-elements-8891789eb7ea72670eb1ef53d5e48762\"><strong>Session 5 (4.00 \u2013 <s>5.30<\/s> 5.00 p.m. CET )<\/strong><br>Chaired by: Barbara Mielcarek-Krzy\u017canowska<\/p>\n\n\n\n<p><strong>Anna W\u00f3jcikowska<\/strong> (Gra\u017cyna and Kiejstut Bacewicz Academy of Music in \u0141\u00f3d\u017a)<br><em>Bogus\u0142aw Schaeffer&#8217;s Quartet SG (re)interpreter by the Warsaw Music Workshop: &#8216;Open Performance&#8217; Viewed as Upcycling Composer&#8217;s Ideas<\/em><\/p>\n\n\n\n<p><strong>Katarzyna Figat <\/strong>(Feliks Nowowiejski Academy of Music in Bydgoszcz)<br><em>Music Granar: the &#8216;Second life&#8217; of Polish Theatre Music<\/em><\/p>\n\n\n\n<p><strong><s>Wojciech Kwapisi\u0144ski<br><\/s><\/strong><em><s>The Theory of Music of Jean Jacques Rousseau and Pierre Schaeffer in the Context of Improvised Music<\/s><\/em> (cancelled)<\/p>\n\n\n\n<div class=\"wp-block-qi-blocks-spacer qodef-block-container qodef-block-da96e577\"><div class=\"qi-block-spacer qodef-block qodef-m\"><\/div><\/div>\n\n\n\n<p class=\"has-large-font-size\"><strong>DAY 3 | 17 October (Thursday)<\/strong><\/p>\n\n\n\n<p class=\"has-luminous-vivid-orange-color has-text-color has-link-color has-medium-font-size wp-elements-3e5f995ef5cd06f7884a66b514be1636\"><strong>Roundtable: Sustainability in Leading International Projects<\/strong><br><strong>(10.00 \u2013 11.00 a.m. CET)<\/strong><br>Chaired by: Agnieszka Cie\u015blak-Krupa<\/p>\n\n\n\n<p><strong>Participants:<\/strong> <strong>Mieczys\u0142aw Kominek, Eva Kesslov\u00e1, O\u013ega Smetanov\u00e1, B\u00e9la Simon<br>Ian Mikyska, Katarzyna Krzewi\u0144ska, M\u00e1t\u00e9 Balogh, Samuel Hvozd\u00edk<\/strong><\/p>\n\n\n\n<div class=\"wp-block-qi-blocks-spacer qodef-block-container qodef-block-2c0d5aa6\"><div class=\"qi-block-spacer qodef-block qodef-m\"><\/div><\/div>\n\n\n\n<p class=\"has-luminous-vivid-orange-color has-text-color has-link-color has-medium-font-size wp-elements-8fc1631e9ec4404441842cf9f3e3adb7\"><strong>Session 6 (11.00 \u2013 <s>12.30 <\/s>12.00 p.m. CET)<\/strong><br>Chaired by: Eva Kesslov\u00e1<\/p>\n\n\n\n<p><strong>O\u013ega Smetanov\u00e1<\/strong><br><em>The Satisfaction of Classical Music Composers with the Institutional Support of Their Work<\/em><\/p>\n\n\n\n<p><s><strong>Cristina P\u00e9rez-Ord\u00f3\u00f1evz <\/strong>(University of Malaga)<br><em>Recognising Environmental Sustainability in Live Music: The Case of the International Greener Festival Awards<\/em><\/s> (cancelled)<\/p>\n\n\n\n<p><strong>Krzysztof Marciniak <\/strong>(Ecological Folk High School in Grzyb\u00f3w)<br><em>Ecoestetics of the Money Made on (Sound) Art Projects<\/em><\/p>\n\n\n\n<div class=\"wp-block-qi-blocks-spacer qodef-block-container qodef-block-e3996465\"><div class=\"qi-block-spacer qodef-block qodef-m\"><\/div><\/div>\n\n\n\n<p class=\"has-luminous-vivid-orange-color has-text-color has-link-color has-medium-font-size wp-elements-887e313626c61618def0f35b07c86bf8\"><strong>Session 7 (2.00 \u2013 3.30 p.m. CET)<\/strong><br>Chaired by: B\u00e9la Simon<\/p>\n\n\n\n<p><strong>Grzegorz Samson <\/strong>(Feliks Nowowiejski Academy of Music in Bydgoszcz)<br><em>Approaches to Renewable Music Using Generative Pre-Trained Transformer Networks<\/em><\/p>\n\n\n\n<p><strong>Jagoda Szmytka <\/strong>(mdw \u2013 Universit\u00e4t f\u00fcr Musik und darstellende Kunst Wien)<br><em>Sustainable Scores. Notes on the Potential for Fostering a More Versatile and Inclusive Compositional Practice Through Renewal of Musical Notation<\/em><\/p>\n\n\n\n<p><strong>Jakub Kopaniecki <\/strong>(Adam Mickiewicz University in Pozna\u0144)<br><em>Sustainability of the Local Music Scene in the Post-Pandemic Era. Outdoor Possibilities for Indoor Community<\/em><\/p>\n\n\n\n<div class=\"wp-block-qi-blocks-spacer qodef-block-container qodef-block-f1bade19\"><div class=\"qi-block-spacer qodef-block qodef-m\"><\/div><\/div>\n\n\n\n<p class=\"has-luminous-vivid-orange-color has-text-color has-link-color has-medium-font-size wp-elements-a368fb401cc0c2f26fc841ea4b544b4c\"><strong>Session 8 (4.00 \u2013 5.30 p.m. CET)<\/strong><br>Chaired by: Sabine Feisst<\/p>\n\n\n\n<p><strong>Pawe\u0142 Siechowicz <\/strong>(University of Warsaw)<br><em>Music as Renewal; Musicking as Recycling. An Essay in Music Ontology and Economy <\/em><\/p>\n\n\n\n<p><strong>Mateusz Bie\u0144 <\/strong>(Krzysztof Penderecki Academy of Music in Krakow)<br><em>New Life for Old Electronics<\/em><\/p>\n\n\n\n<p><s><strong>Martyna Kope\u0107 <\/strong>(Nicolaus Copernicus University in Toru\u0144)<strong><br><\/strong><em>Bending Circuits, Resurrecting Sounds: The Ecological Dimensions of Circuit Bending<\/em><\/s><\/p>\n\n\n\n<p><strong>Marcin Strzelecki<\/strong> (Krzysztof Penderecki Academy of Music in Krakow)<br><em>Music, AI, and Energy<\/em><\/p>\n\n\n\n<div class=\"wp-block-qi-blocks-spacer qodef-block-container qodef-block-bcfdb91b\"><div class=\"qi-block-spacer qodef-block qodef-m\"><\/div><\/div>\n\n\n\n<p class=\"has-medium-font-size\"><strong>Conference Closing: Closing Speech (5.30-5.45 p.m. CET)<\/strong><\/p>\n\n\n\n<div class=\"wp-block-qi-blocks-spacer qodef-block-container qodef-block-768244a9\"><div class=\"qi-block-spacer qodef-block qodef-m\"><\/div><\/div>\n\n\n\n<p class=\"has-luminous-vivid-orange-color has-text-color has-link-color has-large-font-size wp-elements-90d61a45d9a300fa2db5ad1f08eb2658\"><strong>Media Partner<\/strong><\/p>\n\n\n\n<figure class=\"wp-block-image size-full\"><img loading=\"lazy\" decoding=\"async\" width=\"556\" height=\"574\" src=\"https:\/\/renmus.eu\/wp-content\/uploads\/2024\/09\/RM_ANIMACJA_2020-556px.gif\" alt=\"\" class=\"wp-image-1324\"\/><\/figure>\n\n\n\n<p class=\"has-luminous-vivid-orange-color has-text-color has-link-color has-large-font-size wp-elements-5126736e11be8c3e395125885e2744c1\"><strong>Media Patrons<\/strong><\/p>\n\n\n\n<div class=\"wp-block-qi-blocks-image-gallery qodef-block-container qodef-block-ec69b08f\"><div class=\"qi-block-image-gallery qodef-block qodef-m qi-block-fslightbox-popup qodef-popup-gallery\"><div class=\"qodef-gutenberg-section qodef--columns qodef-col-num--3 qodef-responsive--predefined\"><div class=\"qodef-gutenberg-row\"><div class=\"qodef-gutenberg-column qodef-e qodef-image-wrapper\"><div class=\"qodef-gutenberg-column-inner qodef-e-inner\"><a class=\"qodef-popup-item\" href=\"https:\/\/renmus.eu\/wp-content\/uploads\/2024\/09\/POLMIC_EN_logo_kolor_pozytyw_pe\u253cena-nazwa_poziom.png\" data-type=\"image\" data-fslightbox=\"gallery-482\"><img loading=\"lazy\" decoding=\"async\" width=\"1772\" height=\"786\" class=\"qodef-e-image wp-image-1303\" src=\"https:\/\/renmus.eu\/wp-content\/uploads\/2024\/09\/POLMIC_EN_logo_kolor_pozytyw_pe\u253cena-nazwa_poziom.png\" alt=\"\" srcset=\"https:\/\/renmus.eu\/wp-content\/uploads\/2024\/09\/POLMIC_EN_logo_kolor_pozytyw_pe\u253cena-nazwa_poziom.png 1772w, https:\/\/renmus.eu\/wp-content\/uploads\/2024\/09\/POLMIC_EN_logo_kolor_pozytyw_pe\u253cena-nazwa_poziom-300x133.png 300w, https:\/\/renmus.eu\/wp-content\/uploads\/2024\/09\/POLMIC_EN_logo_kolor_pozytyw_pe\u253cena-nazwa_poziom-1024x454.png 1024w, https:\/\/renmus.eu\/wp-content\/uploads\/2024\/09\/POLMIC_EN_logo_kolor_pozytyw_pe\u253cena-nazwa_poziom-768x341.png 768w, https:\/\/renmus.eu\/wp-content\/uploads\/2024\/09\/POLMIC_EN_logo_kolor_pozytyw_pe\u253cena-nazwa_poziom-1536x681.png 1536w\" sizes=\"auto, (max-width: 1772px) 100vw, 1772px\" \/><\/a><\/div><\/div><div class=\"qodef-gutenberg-column qodef-e qodef-image-wrapper\"><div class=\"qodef-gutenberg-column-inner qodef-e-inner\"><a class=\"qodef-popup-item\" href=\"https:\/\/renmus.eu\/wp-content\/uploads\/2024\/09\/Logo-glissando-duze.jpg\" data-type=\"image\" data-fslightbox=\"gallery-482\"><img loading=\"lazy\" decoding=\"async\" width=\"1509\" height=\"540\" class=\"qodef-e-image wp-image-1306\" src=\"https:\/\/renmus.eu\/wp-content\/uploads\/2024\/09\/Logo-glissando-duze.jpg\" alt=\"\" srcset=\"https:\/\/renmus.eu\/wp-content\/uploads\/2024\/09\/Logo-glissando-duze.jpg 1509w, https:\/\/renmus.eu\/wp-content\/uploads\/2024\/09\/Logo-glissando-duze-300x107.jpg 300w, https:\/\/renmus.eu\/wp-content\/uploads\/2024\/09\/Logo-glissando-duze-1024x366.jpg 1024w, https:\/\/renmus.eu\/wp-content\/uploads\/2024\/09\/Logo-glissando-duze-768x275.jpg 768w\" sizes=\"auto, (max-width: 1509px) 100vw, 1509px\" \/><\/a><\/div><\/div><div class=\"qodef-gutenberg-column qodef-e qodef-image-wrapper\"><div class=\"qodef-gutenberg-column-inner qodef-e-inner\"><a class=\"qodef-popup-item\" href=\"https:\/\/renmus.eu\/wp-content\/uploads\/2024\/09\/Logo.png\" data-type=\"image\" data-fslightbox=\"gallery-482\"><img loading=\"lazy\" decoding=\"async\" width=\"1889\" height=\"745\" class=\"qodef-e-image wp-image-1304\" src=\"https:\/\/renmus.eu\/wp-content\/uploads\/2024\/09\/Logo.png\" alt=\"\" srcset=\"https:\/\/renmus.eu\/wp-content\/uploads\/2024\/09\/Logo.png 1889w, https:\/\/renmus.eu\/wp-content\/uploads\/2024\/09\/Logo-300x118.png 300w, https:\/\/renmus.eu\/wp-content\/uploads\/2024\/09\/Logo-1024x404.png 1024w, https:\/\/renmus.eu\/wp-content\/uploads\/2024\/09\/Logo-768x303.png 768w, https:\/\/renmus.eu\/wp-content\/uploads\/2024\/09\/Logo-1536x606.png 1536w\" sizes=\"auto, (max-width: 1889px) 100vw, 1889px\" \/><\/a><\/div><\/div><\/div><\/div><\/div><\/div>\n","protected":false},"excerpt":{"rendered":"<p>Programme overview (updated: 16 October) DAY 1 | 15 October (Tuesday) Conference Opening: Welcome Speech (10.45-11.00 a.m CET) Keynote Speech (11.00-12.00 p.m. CET)Chaired by: S\u0142awomira \u017bera\u0144ska-Kominek Prof. Makis Solomos (University Paris 8)Music, Ecologies and Degrowth. A Few Paths to Explore Session 1 (12.00 \u2013 2.00 p.m. CET)Chaired by: O\u013ega Smetanov\u00e1 Diana Milena Acosta Cruz (Prince [&hellip;]<\/p>\n","protected":false},"author":3,"featured_media":0,"parent":0,"menu_order":0,"comment_status":"closed","ping_status":"closed","template":"","meta":{"_monsterinsights_skip_tracking":false,"_monsterinsights_sitenote_active":false,"_monsterinsights_sitenote_note":"","_monsterinsights_sitenote_category":0,"site-sidebar-layout":"default","site-content-layout":"","ast-site-content-layout":"default","site-content-style":"default","site-sidebar-style":"default","ast-global-header-display":"","ast-banner-title-visibility":"","ast-main-header-display":"","ast-hfb-above-header-display":"","ast-hfb-below-header-display":"","ast-hfb-mobile-header-display":"","site-post-title":"disabled","ast-breadcrumbs-content":"","ast-featured-img":"","footer-sml-layout":"","ast-disable-related-posts":"","theme-transparent-header-meta":"","adv-header-id-meta":"","stick-header-meta":"","header-above-stick-meta":"","header-main-stick-meta":"","header-below-stick-meta":"","astra-migrate-meta-layouts":"set","ast-page-background-enabled":"default","ast-page-background-meta":{"desktop":{"background-color":"var(--ast-global-color-4)","background-image":"","background-repeat":"repeat","background-position":"center center","background-size":"auto","background-attachment":"scroll","background-type":"","background-media":"","overlay-type":"","overlay-color":"","overlay-opacity":"","overlay-gradient":""},"tablet":{"background-color":"","background-image":"","background-repeat":"repeat","background-position":"center center","background-size":"auto","background-attachment":"scroll","background-type":"","background-media":"","overlay-type":"","overlay-color":"","overlay-opacity":"","overlay-gradient":""},"mobile":{"background-color":"","background-image":"","background-repeat":"repeat","background-position":"center center","background-size":"auto","background-attachment":"scroll","background-type":"","background-media":"","overlay-type":"","overlay-color":"","overlay-opacity":"","overlay-gradient":""}},"ast-content-background-meta":{"desktop":{"background-color":"var(--ast-global-color-5)","background-image":"","background-repeat":"repeat","background-position":"center center","background-size":"auto","background-attachment":"scroll","background-type":"","background-media":"","overlay-type":"","overlay-color":"","overlay-opacity":"","overlay-gradient":""},"tablet":{"background-color":"var(--ast-global-color-5)","background-image":"","background-repeat":"repeat","background-position":"center center","background-size":"auto","background-attachment":"scroll","background-type":"","background-media":"","overlay-type":"","overlay-color":"","overlay-opacity":"","overlay-gradient":""},"mobile":{"background-color":"var(--ast-global-color-5)","background-image":"","background-repeat":"repeat","background-position":"center center","background-size":"auto","background-attachment":"scroll","background-type":"","background-media":"","overlay-type":"","overlay-color":"","overlay-opacity":"","overlay-gradient":""}},"footnotes":""},"class_list":["post-928","page","type-page","status-publish","hentry"],"aioseo_notices":[],"_links":{"self":[{"href":"https:\/\/renmus.eu\/index.php\/wp-json\/wp\/v2\/pages\/928","targetHints":{"allow":["GET"]}}],"collection":[{"href":"https:\/\/renmus.eu\/index.php\/wp-json\/wp\/v2\/pages"}],"about":[{"href":"https:\/\/renmus.eu\/index.php\/wp-json\/wp\/v2\/types\/page"}],"author":[{"embeddable":true,"href":"https:\/\/renmus.eu\/index.php\/wp-json\/wp\/v2\/users\/3"}],"replies":[{"embeddable":true,"href":"https:\/\/renmus.eu\/index.php\/wp-json\/wp\/v2\/comments?post=928"}],"version-history":[{"count":66,"href":"https:\/\/renmus.eu\/index.php\/wp-json\/wp\/v2\/pages\/928\/revisions"}],"predecessor-version":[{"id":1438,"href":"https:\/\/renmus.eu\/index.php\/wp-json\/wp\/v2\/pages\/928\/revisions\/1438"}],"wp:attachment":[{"href":"https:\/\/renmus.eu\/index.php\/wp-json\/wp\/v2\/media?parent=928"}],"curies":[{"name":"wp","href":"https:\/\/api.w.org\/{rel}","templated":true}]}}